) = u + 16. Calculate the remainder when w(s) is divided by 2.
1
Let m(u) = 8*u + 3. Let d be m(4). Suppose -4*i - i - 4*g + 60 = 0, 5*i = g + d. Calculate the remainder when i is divided by 3.
2
Suppose -3*x + 6 = -0. Suppose -4*s = -a + 5, 5*s - 13 - x = 0. Calculate the remainder when a is divided by 5.
2
Let r be ((-1)/(-2))/(3/12). Calculate the remainder when 54 is divided by ((-35)/(-20))/(r/16).
12
Suppose 93 - 60 = s. What is the remainder when s is divided by 9?
6
Suppose -2*b - 2*k + 67 = -9, 2*b - 2*k = 72. Calculate the remainder when b is divided by (2/8)/((-5)/(-260)).
11
Let m be 2/9 + 119/(-9). What is the remainder when 25 is divided by (m/2)/((-1)/2)?
12
Let v = -30 + 48. Calculate the remainder when 88 is divided by v.
16
Suppose -4*m = -5*o + 255, -6*m = -o - 3*m + 51. Let x = o + -15. Calculate the remainder when x is divided by 19.
17
Let d = 171 - 36. Suppose 5*v - 5*l - d = -0*v, 3*l + 9 = 0. What is the remainder when 46 + 1 + -2 + 1 is divided by v?
22
Let b(s) = 5*s - 25. Calculate the remainder when b(9) is divided by 11.
9
Suppose 0 = 2*m + 3*m - 15. Let t = m - 1. Suppose 0 = -t*x + 3*l - 2*l + 17, 0 = 2*l - 10. What is the remainder when 31 is divided by x?
9
Suppose -74 = -5*a + 116. Let z(q) = 2*q - 1. Let s be z(5). Calculate the remainder when a is divided by ((-26)/(-6))/(s/27).
12
Suppose -3*c = -2*f - 145, 2*c + f = 2*f + 95. Calculate the remainder when c is divided by 23.
22
What is the remainder when 3 is divided by (-6)/(-12) - (-15)/6?
0
Suppose -2*r = -5*u + 92, 5*r + 21 + 2 = u. What is the remainder when 50 is divided by u?
14
What is the remainder when 39 is divided by (-300)/(-20) + (-2)/2?
11
Suppose -34 - 181 = -5*d. Calculate the remainder when d is divided by 24.
19
Let v(q) be the third derivative of -q**5/6 - 3*q**2. Let o be v(1). What is the remainder when 17 is divided by 184/20 + 2/o?
8
What is the remainder when (-20 + 0)/(21/(-357)) is divided by 38?
36
Let g be 8/28 - (-122)/14. Suppose 0 = -d - 2*d + g. Let n(k) = -k**3 + 4*k**2 - 2*k + 3. Calculate the remainder when 11 is divided by n(d).
5
Let w be 7*6*6/12. Let a = w + -16. What is the remainder when 13 is divided by a?
3
What is the remainder when (2 - 11/1)/(-3) is divided by (26/10 - 3)*-5?
1
Let a(w) = w + 4. Calculate the remainder when 79 is divided by a(16).
19
Let x = -249 - -320. Let c(o) = -o**2 - o + 18. Calculate the remainder when x is divided by c(0).
17
Suppose 5*f + 44 = 5*x - 36, 3*x + f - 52 = 0. What is the remainder when x is divided by 9?
8
Let y(b) = -b**3 - b**2 + b - 2. Let k be y(-2). Suppose -a + 11 - 1 = k. Suppose -s + 3*s - 54 = 0. What is the remainder when s is divided by a?
7
Suppose 0 = -0*h + 2*h - 44. Let t(v) be the third derivative of 11*v**4/24 - v**3/3 + 4*v**2. What is the remainder when t(4) is divided by h?
20
Suppose 3*c - 3*t - 15 = 0, -3*t - 6 = -0*t. Suppose 0*o - 5*y + 32 = 2*o, -3*o = 5*y - 38. Calculate the remainder when o is divided by c.
0
What is the remainder when (-3)/24 - (-353)/8 is divided by 6?
2
Suppose -31 = -4*p - 3*x, -6*p + 19 = -3*p - 2*x. Calculate the remainder when 55 is divided by p.
6
Suppose 5*s - 150 = -4*g - 0*s, 2*g + 3*s - 76 = 0. Calculate the remainder when g is divided by 13.
9
Suppose 4*d + 4*f = -4, 5*d - f - 5 = -16. Calculate the remainder when d + -1 + 0 + 21 is divided by 10.
8
Suppose -521 + 16 = -5*c. What is the remainder when c is divided by 51?
50
Let c = -8 - -43. What is the remainder when 137 is divided by c?
32
What is the remainder when 32 is divided by 4/10 + 159/(-15)*-1?
10
Suppose -2*z + 4*d - 6 = 0, 2*d = -2*d + 8. Suppose 2*q - 13 = z. Calculate the remainder when 20 is divided by q.
6
Suppose a = -0 + 37. Let s = -11 + 20. Suppose -3*x + s = -30. What is the remainder when a is divided by x?
11
Let n(w) = 2*w**3. Let r(x) = x**2 - 9*x - 9. Let j be r(10). Calculate the remainder when n(j) is divided by 1.
0
Suppose -a - 14 = -b + 26, -b + 40 = -5*a. What is the remainder when 198 is divided by b?
38
Suppose 0 = -21*c + c + 460. Let z(d) = 68*d. What is the remainder when z(1) is divided by c?
22
Suppose -4*s + 0*n + 28 = n, -14 = s - 5*n. Calculate the remainder when 21 is divided by s.
3
Calculate the remainder when 2 is divided by 24/(-36) - 16/(-6).
0
Let g = 43 - 23. Calculate the remainder when 39 is divided by g.
19
Suppose 4*x = x + 51. Let f = 13 + -10. Calculate the remainder when (-1)/(-3) - (-149)/f is divided by x.
16
What is the remainder when 480/(-36)*(-24)/10 is divided by 18?
14
Let p be ((-1)/(-2))/(1/6). Let j be (-3 + 3)/(5 - p). Suppose j = 5*i - 138 + 48. What is the remainder when i is divided by 10?
8
Let p = 578 - 305. Calculate the remainder when p is divided by 11.
9
Calculate the remainder when 15 is divided by (10 - 6)/((-2)/4*-1).
7
Let d = 278 + -187. What is the remainder when d is divided by 46?
45
Let w(c) = c**2 - c - 4. Suppose -3*i + 12 = 3*q, -2*i + 2*q + 0*q - 12 = 0. Let v = 13 - i. What is the remainder when w(-5) is divided by v?
12
Let s be -3*(1 + 15/9). What is the remainder when 9 is divided by 96/20 - s/(-10)?
1
Let b(i) = 5*i. What is the remainder when 19 is divided by b(2)?
9
Let r(p) = 5 + 3*p - 2*p + p - 8*p + 2*p**2. Calculate the remainder when 97 is divided by r(5).
22
Suppose -4*r + 0 = -20, c - 46 = -r. Calculate the remainder when c is divided by 22.
19
Suppose -8*m + 119 = -m. Suppose -b + 4*j + 36 = 0, 3*j - 10 = -b + 47. Calculate the remainder when b is divided by m.
14
Let u = 66 - 22. Calculate the remainder when 86 is divided by u.
42
Suppose 0 = -0*q + 5*q - 175. Let k(x) = -x**2 - 2*x + 2. Let t be k(-3). Let m(y) = 11*y**2 + 1. Calculate the remainder when q is divided by m(t).
11
Let a(c) = -c**2 - 10*c - 6. Suppose -41 = 3*d - 4*t, 4*d - 2 = 3*t - 45. What is the remainder when 27 is divided by a(d)?
12
Let z = -67 + 93. Calculate the remainder when 101 is divided by z.
23
Let n(c) = 3*c**2 - 2*c + 1. Let v be n(1). Suppose -54 = -v*i + 38. Calculate the remainder when i is divided by 16.
14
Suppose 3*j + 5*p - 56 = 0, -5*j + 4*j - 3*p = -16. What is the remainder when 87 is divided by j?
21
Let p = -6 - -49. Calculate the remainder when p is divided by 8.
3
Let z(a) = 4*a**2 - 3*a + 1. Suppose -2*x + 12 = 2*y, -14 = x - 3*y - y. Let c = -16 + 48. What is the remainder when c is divided by z(x)?
10
Suppose 2*n - 40 = -g, g - 8 = -3*g. Calculate the remainder when -1 - ((-61 - -2) + 2) is divided by n.
18
Let a = -10 - -15. Calculate the remainder when 19 is divided by a.
4
Let r = -9 - -11. Suppose 0 = -3*u + m - 2*m + 37, 0 = -4*u + r*m + 56. Calculate the remainder when u is divided by (-38)/(-8) - 2/(-8).
3
Suppose 0 = -2*f - 5*o - 7, 0 = 4*o + 2 + 2. Let s(w) = -w - 2. Let r be s(f). Calculate the remainder when (r*19 - 1)/(-1) is divided by 11.
9
Let n(u) = -u**2 - 2*u + 12. Suppose 133 = 5*y + 3*r, 2 = 3*r - r. Suppose -h = -4*g - 2 - 21, -2*h + y = -3*g. What is the remainder when n(0) is divided by h?
5
Let k(m) = 15*m**2 - 1. Suppose -v + 6 = -0*v. Suppose v*j + 3 = 3*j. What is the remainder when 53 is divided by k(j)?
11
Let h be 1 - (-1 - -4)*-5. Suppose h = z - 0*z. Calculate the remainder when 31 is divided by z.
15
Let x(f) = f**3 - f + 2. Let t be x(2). Suppose 0 = k + k - t. Calculate the remainder when k is divided by (-25)/(-9) + 2/9.
1
Let d = 18 - -10. What is the remainder when 55 is divided by d?
27
Suppose 156 = 4*o + 28. Calculate the remainder when 60 is divided by o.
28
Let l be 1/(2/(-4)*2). Suppose 4*u - 2*u + 19 = 3*x, 3*x - 25 = -4*u. What is the remainder when (-4)/2 + (20 - l) is divided by x?
5
Suppose -4*x - 2*t = 3*t + 13, -5*t - 37 = -4*x. Calculate the remainder when x is divided by 3.
0
What is the remainder when (44/6)/((-16)/(-72)) is divided by 9/((-21)/(-12) - 1)?
9
Let p = 15 - 21. Let c = -4 - p. What is the remainder when 29 is divided by 132/9 - c/(-6)?
14
Let i = 21 - 10. Calculate the remainder when 41 is divided by i.
8
Suppose 36 + 0 = -3*o. Calculate the remainder when 2/7 + 309/21 is divided by 1*(-2 + (-2 - o)).
7
Let v(b) = -b**2 - b + 1. Let q(s) = 9*s**2 + 2*s - 1. Let k(m) = q(m) + 4*v(m). Let y = -23 + 51. What is the remainder when k(-3) is divided by y?
26
Let n = 164 - 158. What is the remainde